(4 - (5 - 3)) + 1.
3
10 + (-7 + -4 - 1)
-2
4 - (-1 + (1 + -6 - -13))
-3
What is 0 - (-2 + (3 - 0) + -2)?
1
What is 3 + (-2 - 1) + -6 - -5?
-1
Evaluate 31 + -7 + -15 - 0.
9
What is 1 + -4 - (-1 - 0)?
-2
Calculate -9 - (-7 + 6 - 7).
-1
1 + (-1 - -2) + (20 - 17)
5
What is the value of 3 + (0 - (6 - 3))?
0
What is -3 + (3 - (-4 + 8))?
-4
Evaluate 2 + (4 - 2 - 4).
0
What is the value of (-15 - (-19 + 10)) + 7?
1
What is the value of 7 + -2 + (5 - (8 - 1))?
3
What is the value of 0 + -10 + (-34 - -42)?
-2
What is the value of 4 - (0 + 8 + -5 + -3)?
4
Evaluate 2 + -7 + -4 + 8 + -6.
-7
Calculate -8 + (1 - 8 - -9).
-6
-1 + -2 + (3 - 2)
-2
What is 1 + (-9 - -3 - -3)?
-2
Evaluate -19 + 5 + 19 - (-1 + 0).
6
Evaluate -13 + 7 - (5 - 11).
0
What is the value of -23 - -11 - -14 - (-1 - 3)?
6
Evaluate -1 + (0 - -1) - (2 + 2).
-4
-3 + -1 + 3 - (-3 + 3)
-1
(0 + -4 + 2 - -2) + 0
0
Calculate 8 - (1 + (2 - 2)).
7
Calculate -1 - (2 + (-1 - 6)).
4
-4 + (4 - 3 - -2) + -1
-2
What is 2 + (-2 - -7) + 2 + -5?
4
What is the value of (11 - 7) + 6 + -7 + -6?
-3
What is the value of -2 + 3 + (-1 - 2) + -2?
-4
What is -5 - (3 + -2) - 2?
-8
What is -5 - (-6 - (-5 - -1 - -2))?
-1
-9 + 3 + 3 + 5
2
What is (-3 - 0) + 1 - (2 + -6)?
2
Evaluate (-2 - (-9 + 10)) + 7.
4
What is the value of 0 - (17 - 7 - 10)?
0
-3 - (2 + (-2 - 8) - -4)
1
Evaluate 2 + 2 + (21 - 27).
-2
Calculate (-1 - -2) + 27 + -27.
1
2 - 10 - (7 - 12)
-3
Evaluate -1 - ((3 - 0) + -1 + -2).
-1
What is the value of (-2 - 0) + -1 + 9 + -1?
5
What is the value of (3 - 0) + (-125 - -119)?
-3
Evaluate 15 - (-1 + 15 + -6).
7
2 + (-1 - (1 - 5)) + -9
-4
Evaluate -4 + 9 + -4 + -2 - 4.
-5
Evaluate (-9 - (-2 - -5)) + 0 + 3.
-9
Calculate 0 + (8 - (10 - 3)).
1
Calculate 7 + 0 + 2 + -3 + -7.
-1
Calculate (-1 - -5 - (-2 - 0)) + -2.
4
Calculate (8 - (14 + -11)) + (-1 - -2).
6
What is the value of 1 + 9 + (-12 - -6) - 7?
-3
Calculate 1 + -15 + 30 + -19.
-3
-1 + 0 + (2 - 4)
-3
-1 - (4 + -1 - (-1 - -3))
-2
What is the value of 4 - (-4 - (-1 - 1))?
6
What is the value of (-2 + 9 - 5) + -7?
-5
(4 + -2 - -3) + (-17 - -5)
-7
Evaluate 7 - ((14 - 8) + (-4 - -1)).
4
(0 - 0) + (-9 - (-7 + -10))
8
Calculate -2 + (3 - -4) - (-1 + 5).
1
1 - 2 - (-5 + -1 + 7)
-2
What is 1 + 3 + (45 - 20 - 22)?
7
What is the value of -3 + -1 - ((2 - 19) + 7)?
6
Calculate 4 - (-2 - -2) - -2.
6
7 + -23 + 6 - -4
-6
(-6 - -14) + -2 - (4 - -6)
-4
Evaluate -3 + 2 + 2 + 3.
4
Calculate 6 + (-2 - 4 - -3) - 9.
-6
Evaluate (1 - 1) + (9 - 3) + -9.
-3
Calculate -4 - (-3 - 9 - (-1 - 3)).
4
What is the value of -3 + 1 + (9 - (-9 - -16))?
0
What is -3 + (6 - (6 + (-5 - -6)))?
-4
What is 0 + -3 + (0 + 4 - -4)?
5
What is -6 - ((-3 - -6 - 13) + 7)?
-3
Calculate 6 + (-3 - 4) + 3.
2
Evaluate -1 - (0 - -11) - -7.
-5
Evaluate 9 - (0 - (-1 - 2)).
6
What is the value of 9 + -8 + 2 - (-4 + 2)?
5
Evaluate 5 + -1 - (15 + -3).
-8
What is -2 + -1 + (1 - (0 - 3))?
1
Evaluate -1 + (2 - -3 - 4).
0
-1 + 2 + -4 + (1 - 0)
-2
Calculate (-2 + 1 - 1) + 11 - 3.
6
Calculate (3 - 2 - -1) + 2.
4
What is -2 + -2 + 3 + -2 - -4?
1
Evaluate (19 - 18) + (0 - 6).
-5
Calculate (4 - 1) + (9 - 7).
5
Calculate (-23 - (2 - 11)) + 13.
-1
-2 + -1 + -2 - (-3 + 0)
-2
Calculate 2 + 1 - (3 - (5 - 6)).
-1
What is the value of 0 - (-9 + 5 + 5 + -7)?
6
What is 9 - 4 - (0 - -2) - -1?
4
Evaluate 5 - (5 + 1 + 3) - -4.
0
Calculate 11 + -18 - (-7 - -1) - 4.
-5
What is -3 + (-2 - (1 + -2 + -4))?
0
Calculate (3 - 5 - -4 - 1) + 1.
2
What is 10 - 15 - (1 - (1 - -2))?
-3
123 + -118 + (0 - (14 + -1))
-8
Calculate (-12 - -1) + 41 + -28.
2
1 + (8 + -5 - 2) + -3
-1
What is the value of -4 + 9 + (-11 - -5) + 5?
4
Evaluate -7 + -23 + 15 + 8 + -2.
-9
Evaluate -4 + (1 + 1 - (-36 - -39)).
-5
What is -3 + (-1 - -2) + 6 + 1?
5
Evaluate -5 + (8 - (-4 - -8)) - -4.
3
Calculate 0 - (4 - (-1 - -2)).
-3
What is the value of 6 - (-3 - (-5 - 2))?
2
-7 - (0 + -4 + 4 + -3)
-4
Calculate (0 + 1 - (7 - 2)) + 0.
-4
What is 19 + -19 + -2 + (-1 - -1)?
-2
What is (-3 - -1) + -1 + 7?
4
What is (-3 - (3 + -3 - 5)) + -4?
-2
What is the value of -6 - -2 - (-2 - 1 - -3)?
-4
Calculate 3 + (1 + -4 - (-13 + 11)).
2
What is the value of 4 + 0 + -1 + -12?
-9
Evaluate -8 - (2 + (-8 - -2)).
-4
Evaluate (-3 - (-3 - -6 - 2)) + 1.
-3
Calculate 3 + 1 + -4 + (17 - 23).
-6
What is -5 - ((2 - 3) + 5 - 15)?
6
Calculate 5 + -3 + (-1 - 0).
1
What is the value of 7 - (0 + -2 - -12)?
-3
What is the value of (3 - -5) + -3 + -1 + -3?
1
Evaluate -2 + (4 + 0 - (20 + -18)).
0
What is the value of -7 - -14 - (-1 + 3 + -1)?
6
Evaluate (-7 - (-1 - 1)) + (-170 - -179).
4
What is the value of 8 - 10 - -1 - 0?
-1
What is the value of 2 + (-3 - -14) + -20?
-7
What is (3 - -1 - 7) + 0 + 2?
-1
What is 6 + (2 - 5) + -1?
2
Calculate -11 + -2 + -3 - -6.
-10
6 - (1 + (5 - 2) + -2)
4
Evaluate (-1 - -1) + 2 + 1 + 1.
4
What is the value of (-5 + 16 - 9) + -5?
-3
Evaluate 1 + (-4 - -4) + -1 + 1.
1
Evaluate (20 - 15) + -1 + 0 - 12.
-8
Evaluate 5 - (-2 - -2) - 10.
-5
Calculate 1 + (-2 + 5 - -1).
5
Evaluate 20 + -23 + 0 + (-1 - -1).
-3
(-1 - 0) + -4 + 6 + -2
-1
What is the value of (-2 - 2) + (0 + -4 - -4)?
-4
2 - (-19 + 24) - (-1 + -4)
2
What is the value of 0 + 2 - (-20 - -21)?
1
What is -1 - (4 + -3) - -1?
-1
-8 + 6 + (2 - 4) - -1
-3
What is -8 - (3 - (4 - -4))?
-3
What is 4 - (-4 - (-5 - (4 - 4)))?
3
Calculate -6 - (3 + (0 - 7) + -3).
1
What is (8 - 2 - 1) + (-7 - 1)?
-3
What is -1 + (19 - (1 - -11))?
6
9 + 11 + -11 + -9
0
Evaluate (0 + -6 - -2) + 3.
-1
Evaluate 6 - (11 + (8 - 5)).
-8
What is 0 + -2 - (-4 + -6 + 12)?
-4
Calculate 4 - (-6 + (0 - -5)).
5
What is (-3 - 0) + (-2 - -6)?
1
Calculate (-29 - -26) + 4 + 0.
1
What is (4 - -3) + -5 + -1 + 4?
5
What is the value of 5 + -6 - (2 - 3 - -4)?
-4
Calculate -6 + (17 + -22 - (-7 + -1)).
-3
What is 7 - 0 - (-1 - -8)?
0
What is -1 - (4 - (2 - 6 - -8))?
-1
-2 - ((7 - 6) + -8)
5
Calculate -29 + 25 - (-6 + 1).
1
What is the value of -4 + 5 + 0 + -2 + 3?
2
(-1 - -13) + 45 + -49
8
Calculate 3 + -5 + -2 + 7.
3
Evaluate 7 + -6 + 0 + 2 + -2.
1
8 - 4 - ((2 - -3) + -1)
0
Evaluate 1 + 7 - 0 - 4.
4
Calculate 2 + (2 - -2) - 2 - 1.
3
What is the value of (-12 - (-8 + 0)) + 0?
-4
-5 + 0 - (-4 - (-3 - -8))
4
What is the value of 17 + (8 - 15) - 15?
-5
Evaluate 1 - 2 - (3 + -8 - -3).
1
-7 - -6 - 4 - -4
-1
Calculate (-4 - -2) + -4 - -7.
1
What is the value of 3 - (4 + (5 - 8))?
2
Calculate -2 - 0 - (11 - 3 - 5).
-5
Evaluate (-6 - (15 + -36)) + -15.
0
-9 - 3 - (-2 - 6)
-4
What is (-1 - (1 + -2 - 0)) + -2?
-2
Evaluate 4 + (-8 + 3 - -7).
6
What is the value of -2 - (-2 - 3) - (17 + -18)?
4
What is the value of 8 - (10 - (5 + 0))?
3
Evaluate -1 + 1 + 2 + 2.
4
What is (3 - (-3 - 0)) + -5?
1
-8 + (1 - (-3 + 0))
-4
(-8 - -7) + -2 + -6 + 3
-6
What is -5 + 10 + -3 - (2 - 2)?
2
Evaluate (-3 - -7) + 1 - (2 + -2).
5
What is (-3 - -5) + (0 - -1)?
3
What is -4 + (1 - (-1 + 1))?
-3
-2 + (7 - 0 - 7)
-2
Calculate -19 - -23 - 13 - (-1 - 4).
-4
Evaluate 2 + -3 + (-1 - 3) + 2.
-3
What is the value of 3 - -2 - (8 + -6)?
3
-2 - (-5 + 10 - 1 - 15)
9
Calculate 1 + 1 - (-3 - (4 + -5)).
4
What is the value of (1 - 3 - -1 - 1) + 0?
-2
What is the value of 4 + (-1 - -2 - 1)?
4
What is the value of 5 + -2 + (-2 - (5 + -7))?
3
What is -3 + (-3 - -12 - 9)?
-3
What is the value of (51 - 53) + (0 + -4 - 2)?
-8
Calculate (37 - 43) + (5 - 2).
-3
4 + -24 + 10 + 12
2
What is (-1 - -1 - -3) + -6?
-3
-5 - (6 - 2 - 7)
-2
Evaluate (-5 - -6) + 0 + 0.
1
Evaluate (-9 - -9) + (0 - 0).
0
Evaluate -7 - (-2 - (6 + -4)).
-3
Evaluate (8 - 5) + -6 + -2 + 3.
-2
Evaluate 0 + -6 + 2 + 0.
-4
2 - (4 - 6 - -4)
0
1 + -8 + (13 - -4) + -8
2
Calculate 4 + -2 + 2 - 3.
1
Evaluate 1 - (-4 - (-1 + (3 - 2))).
5
-2 + -2 + 3 + 4
3
Calculate -9 - (7 - (24 - 7)).
1
What is (1 - 2) + 27 + (-16 - 10)?
0
What is 2 + -4 + -2 + 4 - 0?
0
Evaluate -5 + 8 + -5 - -1 - 4.
-5
(4 - -4) + -5 + -7
-4
What is 0 + 9 - (7 + -1 + -4)?
7
Evaluate 73 + -75 + (-2 - -2).
-2
What is the value of (1 - -3) + -5 - -2 - 0?
1
What is 0 - (0 - 12 - -7)?
5
What is 2 - (14 + -4 + (-1 - 2))?
-5
Evaluate 14 - 12 - (4 - -1 - 1).
-2
What is 0 + (0 - 9 - -4)?
-5
Calculate 9 + 1 - (10 - 8).
8
(2 - 5) + (-3 - (-1 + 0))
-5
Calculate 10 - 6 - (6 + 0).
-2
What is the value of (67 - 83) + (12 - 1)?
-5
Calculate -156 - -153 - (-8 + -1).
6
Calculate (9 - (-2 - -6)) + -3.
2
(2 - 12 - -8) + (